
Let q be (1 + -7)/(4/(-94)) + -3. Let m = q - 134. Let a(c) = -3*c + 2. Calculate a(m).
-10
Let s(o) = 119*o + 36. Let w(m) = -98*m - 37. Let i(b) = 4*s(b) + 5*w(b). Give i(-3).
1
Let h(p) be the first derivative of p**4/4 + 10*p**3 - 31*p**2/2 + 6*p - 2569. Give h(-31).
6
Suppose 0 = 6*f + 6 - 18. Let h(m) be the first derivative of -37*m + 21 - 3*m**f + 37*m. Determine h(-1).
6
Let q(s) be the third derivative of s**7/840 + s**6/120 + s**5/60 - s**4/8 - 38*s**3/3 - 10*s**2 + 2*s. Let n(j) be the first derivative of q(j). Give n(-3).
-9
Let l(p) = -23*p - 6. Let i be l(-1). Let c = -5 + i. Suppose -14*t + 12*t = -c. Let d(w) = w**2 - 7*w - 2. Give d(t).
-8
Suppose -18*b - 150 = -48*b. Let n(x) = 8*x + 1 - b*x + 28*x - 10*x. What is n(-1)?
-20
Let w(p) = 3*p + 7. Let q(k) be the second derivative of k**3/3 - k**2 + 2*k + 23. Let v(l) = 6*q(l) + 2*w(l). Calculate v(-2).
-34
Let g(n) = -2*n - 9. Let a be (4/16)/((-2)/(-8)) + -11. Let j(d) = -d - 4. Let b be j(a). Suppose b*r + 49 = -r. Determine g(r).
5
Let f(l) = -l + 7. Let y be f(11). Let m(s) = 5*s**3 + 8*s**2 + 8*s + 3. Let o(c) = -c**3 - c**2 - 2*c. Let w(t) = -m(t) - 4*o(t). What is w(y)?
-3
Let o(p) = -22*p + 17. Let u(t) = t**2 + 67*t - 48. Let c(z) = -3*o(z) - u(z). Let b(r) = r - 2. Let h be b(0). Let w = h - -2. Determine c(w).
-3
Suppose -2*f + 28 = -0*f. Let u be 10/f + (-2)/(-7). Let g(n) = 19*n - 3. Let r(y) = -60*y + 10. Let s(h) = 10*g(h) + 3*r(h). Calculate s(u).
10
Suppose -6*x + 2*x + 17 = 3*s, -6 = -3*x. Suppose -s*c = -2*c. Let r(j) = -j + 1. Let p(n) = -2*n + 9. Let h(t) = p(t) - r(t). Calculate h(c).
8
Let d be ((-14)/(-8) - 1)/((-12)/(-32)). Suppose d*t = 5*p - 10, -3*t = -3*p + 4*p + 15. Let c be -1 + (-3)/(-6)*p. Let m(a) = -9*a**2 - 2*a - 1. What is m(c)?
-8
Let x(h) be the first derivative of h**2/2 + h + 35. Let n(s) = -3*s - 5. Let c(m) = -4*n(m) - 11*x(m). What is c(-9)?
0
Let f(q) be the first derivative of -7/3*q**3 - 1/60*q**5 - 23 + 1/24*q**4 + 0*q + 19/2*q**2. Let s(n) be the second derivative of f(n). What is s(0)?
-14
Let j(n) = 2*n**2 - 7*n + 27. Let b(d) = -d**2 + 2*d - 13. Let x(o) = -11*b(o) - 5*j(o). What is x(-9)?
-28
Suppose -6*z + 5*z + 3*g + 4 = 0, 0 = -5*z + 5*g - 10. Let p(c) = -c**3 - 7*c**2 - 5*c + 11. Give p(z).
-14
Let d(f) be the first derivative of -f**2 - 5*f - 2507. Determine d(5).
-15
Let r(x) = -13*x - 33. Let c = -4027 - -4024. Determine r(c).
6
Let j(g) be the first derivative of -1/2*g**2 - 11*g + 86. Give j(-10).
-1
Let j(n) = 20*n - 2414. Let y(x) = -7*x + 855. Let s(z) = -6*j(z) - 17*y(z). Determine s(18).
-69
Let x(g) = -2*g**2 + 37*g - 43. Let h(k) = -k**3 - 7*k**2 - 3*k - 172. Let d be h(-9). Calculate x(d).
8
Suppose 0 = 99*d + 686 + 7. Let b(x) = -x**2 + 2*x + 10. Determine b(d).
-53
Let d = -3361 - -3365. Let p(r) = -r**2 + 11*r - 14. What is p(d)?
14
Let q(k) = k + 1. Let f = 91 - 94. Let y be 90/(-135) - (5/f + 1). Give q(y).
1
Let q(r) = -r**3 + 13*r**2 - 25*r - 18. Let s be q(4). Let z(j) = 3*j + 4*j - 6 - 3*j + 0*j + s. Calculate z(-4).
4
Let h(f) = -3*f**3 - 34*f**2 - 45*f - 19. Let y(r) = 2*r**3 + 23*r**2 + 31*r + 12. Let u(z) = -5*h(z) - 7*y(z). Let b = 28 - 36. Determine u(b).
11
Let x(k) be the third derivative of -k**5/60 - 5*k**4/24 + k**3/2 + 2*k**2. Let u = -720 + 727. Suppose 0 = 9*g - 10*g + j - u, 2*j + 4 = -g. What is x(g)?
-3
Let t = 32113 + -32107. Let w(a) = 2*a**2 - 12*a - 8. Give w(t).
-8
Let p(n) = -n**2 - 4*n + 58. Let u(b) = -4*b**2 - 13*b + 209. Let m(x) = 7*p(x) - 2*u(x). Let d(r) = -r**3 + 7*r**2 + 8*r + 4. Let o be d(8). Give m(o).
-4
Suppose 78*b - 8 + 261 = -59. Let g(c) = -2*c**2 + 2*c + 38. Determine g(b).
-2
Suppose 5*x - j - j = -10, -4*x + j = 8. Let m(g) = -371457*g**3 + 371456*g**3 - 3*g**2 + 2*g**2 - g - 2*g**2. Give m(x).
-2
Suppose 5*q - 96 = -21. Suppose 164 = -7*k + 185. Suppose 3 - q = -k*z. Let p(u) = 2*u**2 - 6*u + 4. Calculate p(z).
12
Suppose 16 = 4*l, l - 2 = -5*w - 3. Let y(h) be the third derivative of -3*h**4/8 - h**3/6 - 3*h**2 - 3*h. Determine y(w).
8
Let d(m) = m**3 - 5*m**2 - 6*m + 3. Let t be d(6). Suppose t*z = 52 - 4. Let y(k) = k**3 + 2*k - k + 9 - 6*k**2 - z. Determine y(6).
-1
Suppose -12 = t - 4. Let o(z) = -3*z - 23. Let x be o(t). Let j(l) = -10*l**2 + 10*l - 6 + x - 5 + l**3. Calculate j(9).
-1
Suppose 5*l - 2*l = -4*c + 5, 0 = -5*c + l + 11. Let a be (-5 + -2 - -6) + c/2. Let q(j) = -j - 3. Calculate q(a).
-3
Let z(c) = c**2 + 34*c + 102. Let d = 28492 - 28523. Calculate z(d).
9
Suppose -5*x - 15 = 5*n, 0*x - 3*x - 9 = -5*n. Let q(l) = 3*l - 7*l + 5 + l + n. Suppose 2*b = -3*g - 17, b = 4*g - 1 + 9. Determine q(b).
17
Suppose 0 = 2*b - 3*p - 20, -4*p - 6 = 2. Let a(h) be the second derivative of h**4/12 - 3*h**3/2 + 3*h**2 + 9*h. Determine a(b).
-8
Let z = -226 + 231. Let m(h) = -h**3 + 4*h**2 + 2*h + 16. Let y be m(z). Let w(a) be the third derivative of -a**4/2 - a**2. Give w(y).
-12
Let t = 297 - 225. Let x(l) = -7*l - 73*l**2 - t*l**2 + 224*l**2 - 80*l**2. What is x(-8)?
-8
Let w(j) = -7*j**2 + 2*j + 1. Let q(x) be the first derivative of x**2/2 + x + 30. Let m(t) = 2*q(t) - w(t). Give m(-1).
8
Suppose -4*t = -g + 27, -3*g - 5 = 5*t - 1. Let o(y) = 2*y + 7*y**2 - y**2 - y - g*y**2 - 8 + 7*y. Give o(9).
-17
Let b(m) be the second derivative of 0*m**2 - 2 - 1/6*m**3 - 10*m. What is b(-2)?
2
Let a = -7571 - -7572. Let j(w) = 80*w. What is j(a)?
80
Let j(q) = -9*q**3 + 8 - 4778*q + 6*q**2 + 10*q**3 + 4780*q. Determine j(-6).
-4
Let d(m) = 71*m**3 - 10*m**2 - 4*m - 61. Let s(a) = -212*a**3 + 28*a**2 + 11*a + 168. Let c(x) = -11*d(x) - 4*s(x). Calculate c(1).
64
Let n(r) be the first derivative of 1/2*r**2 + 88 - 19*r. Calculate n(13).
-6
Let j(r) = 6*r**3 - r**2 + 15*r + 9. Let h(c) = 5*c**3 + 14*c + 8. Let o be (36/4)/(2/(-14)). Let u = 57 + o. Let a(k) = u*j(k) + 7*h(k). What is a(7)?
9
Let j be 9/(108/(-8)) + 1/((-24)/200). Let a(g) = -4*g - 51. What is a(j)?
-15
Let l(n) = -19*n + 2. Let h(y) be the second derivative of 10*y**3/3 - 3*y**2/2 - y. Let b = 1207 + -1203. Let p(s) = b*l(s) + 3*h(s). Determine p(-1).
15
Let z be 1/(-3 - (-6)/(516/257)). Let b be z/(-18) + (-74)/(-333). Let m(r) = -r**3 + 6*r**2 - 3*r - 7. Give m(b).
3
Let i(b) = -31*b**2 + 5*b + 17. Let u(o) = -36*o**2 + 7*o + 18. Let r(d) = 7*i(d) - 6*u(d). Determine r(-10).
-19
Let g be ((90/(-4))/(-5))/((-1)/(-2)). Suppose -5*k - g = 6. Let o(x) = -x - 2. Let w be o(k). Let b(n) = 5*n**2 - n. Calculate b(w).
4
Suppose 3 = 2*p + 5. Let g = 10 + p. Let h(k) = 9*k - 14. Let w(m) = -4*m + 1. Let n(j) = h(j) + 2*w(j). Calculate n(g).
-3
Let y(a) = 2*a + 2. Let b be (-3 - 2)*-1 - -6. Suppose m = -3*k + 4*m - 9, m = 3*k + b. Determine y(k).
-6
Let v(s) = -2*s**2 + 39*s - 153. Let m be v(14). Let u(x) = 20*x. Calculate u(m).
20
Let p be (1*1/(-1))/1. Let r(h) = 2 - h - 4 + 2 - 92882*h**3 - h + 92900*h**3 - 1 - h**2. Calculate r(p).
-18
Let t(z) = -390 + 336 + 23 - 38*z. Give t(-1).
7
Let p(m) = m**2 + m + 1. Let v(u) = -3*u**2 - 6*u - 1. Let g(b) = 2*p(b) + v(b). Let t(a) = 3*a - 75. Let y be t(-8). Let n = y - -95. What is g(n)?
1
Let h be 656/2132 - 134/520. Let p(q) be the second derivative of 0 + h*q**5 - 1/4*q**4 + 1/2*q**2 + 15*q - 1/3*q**3. What is p(-2)?
-15
Let r be (-1 + 21)*(16/72)/(128/144). Let v(t) = -3*t**2 + 11*t + 3. Calculate v(r).
-17
Let d = 1029 + -1038. Let c(h) = -2*h - 10. Determine c(d).
8
Let d(h) = -h**2 - 6*h + 9. Let c(l) = 10*l + 62. Let v be c(-6). Let p = 5 - 2. Suppose -v*w - 35 = p*w. Determine d(w).
2
Let l(u) be the third derivative of -u**5/60 - u**4/8 + u**3/3 - u**2. Suppose 181*v - 187*v = -234. Suppose v*b - 42*b - 11 = 4*n, -b = -3. Determine l(n).
-8
Let u(m) = -2*m + 10. Let r(j) = 6*j + 125. Let k be r(-17). Suppose 0 = 4*l - 55 + k. What is u(l)?
-6
Let d(i) be the first derivative of 8/3*i**3 + 6*i + 6 + 1/4*i**4 + 6*i**2. Determine d(-6).
6
Let l = -276 - -258. Let k(o) be the second derivative of o**4/12 + 19*o**3/6 + 8*o**2 + 176*o. What is k(l)?
-2
Let b(d) = 125 - 4*d - 14 + 11*d + 29*d. Determine b(-3).
3
Let y(k) = 2*k**2 + 2062 - 2068 - 5*k + k**3 + 5*k**2 - 2*k**3. Suppose -11*q = -0*q - 66. Give y(q).
0
Let y(i) be the second derivative of -i**7/840 + i**6/120 - i**5/40 + 5*i**3/2 + 6*i. Let c(o) be the second derivative of y(o). Let s 